s digit of 19042200?
9
What is the tens digit of 380370?
7
What is the hundreds digit of 1580866?
8
What is the millions digit of 1806942?
1
What is the thousands digit of 1367919?
7
What is the thousands digit of 5491455?
1
What is the thousands digit of 5635764?
5
What is the hundreds digit of 225500?
5
What is the tens digit of 4641686?
8
What is the millions digit of 1119053?
1
What is the thousands digit of 6833321?
3
What is the units digit of 1141545?
5
What is the hundreds digit of 935222?
2
What is the hundreds digit of 1280469?
4
What is the hundred thousands digit of 3305644?
3
What is the tens digit of 563942?
4
What is the units digit of 11669?
9
What is the tens digit of 79328?
2
What is the thousands digit of 2981208?
1
What is the tens digit of 3605?
0
What is the hundreds digit of 229911?
9
What is the thousands digit of 805341?
5
What is the units digit of 25027?
7
What is the tens digit of 172549?
4
What is the hundreds digit of 6313456?
4
What is the tens digit of 120419?
1
What is the hundred thousands digit of 36990963?
9
What is the ten thousands digit of 12220216?
2
What is the hundred thousands digit of 898239?
8
What is the hundred thousands digit of 1416754?
4
What is the hundreds digit of 266436?
4
What is the tens digit of 459794?
9
What is the hundreds digit of 399399?
3
What is the millions digit of 1128403?
1
What is the ten thousands digit of 547313?
4
What is the hundreds digit of 217599?
5
What is the hundred thousands digit of 8583245?
5
What is the tens digit of 2231332?
3
What is the tens digit of 64603?
0
What is the tens digit of 9050865?
6
What is the hundreds digit of 2608889?
8
What is the ten thousands digit of 23035?
2
What is the tens digit of 2614295?
9
What is the thousands digit of 4919?
4
What is the hundred thousands digit of 302358?
3
What is the units digit of 134139?
9
What is the ten millions digit of 23991883?
2
What is the hundreds digit of 339792?
7
What is the units digit of 2523953?
3
What is the hundred thousands digit of 1635852?
6
What is the hundred thousands digit of 1630934?
6
What is the tens digit of 141771?
7
What is the ten millions digit of 27069699?
2
What is the ten thousands digit of 470462?
7
What is the ten thousands digit of 10313199?
1
What is the millions digit of 3513124?
3
What is the thousands digit of 1166938?
6
What is the units digit of 960136?
6
What is the hundreds digit of 2886607?
6
What is the ten thousands digit of 254116?
5
What is the thousands digit of 257281?
7
What is the ten millions digit of 16031119?
1
What is the hundreds digit of 38444127?
1
What is the ten thousands digit of 1802896?
0
What is the ten thousands digit of 1399250?
9
What is the hundred thousands digit of 11763825?
7
What is the hundred thousands digit of 671622?
6
What is the units digit of 85733?
3
What is the tens digit of 170902?
0
What is the tens digit of 249674?
7
What is the units digit of 3132965?
5
What is the hundreds digit of 500188?
1
What is the units digit of 2588187?
7
What is the units digit of 20023899?
9
What is the units digit of 222332?
2
What is the millions digit of 1064782?
1
What is the ten thousands digit of 33209?
3
What is the thousands digit of 4376452?
6
What is the hundreds digit of 180409?
4
What is the millions digit of 2165416?
2
What is the millions digit of 1293911?
1
What is the ten thousands digit of 636531?
3
What is the ten thousands digit of 397662?
9
What is the hundred thousands digit of 32199417?
1
What is the thousands digit of 2242523?
2
What is the thousands digit of 2544108?
4
What is the units digit of 29213532?
2
What is the units digit of 4463996?
6
What is the units digit of 1614825?
5
What is the thousands digit of 2687399?
7
What is the hundreds digit of 215901?
9
What is the ten thousands digit of 158646?
5
What is the hundreds digit of 327114?
1
What is the tens digit of 5922936?
3
What is the ten thousands digit of 227447?
2
What is the ten thousands digit of 165234?
6
What is the units digit of 92444?
4
What is the ten millions digit of 23602551?
2
What is the thousands digit of 8964?
8
What is the millions digit of 18462679?
8
What is the thousands digit of 718167?
8
What is the hundred thousands digit of 1337166?
3
What is the hundreds digit of 1472249?
2
What is the hundreds digit of 528405?
4
What is the units digit of 12032150?
0
What is the tens digit of 139917?
1
What is the hundreds digit of 593347?
3
What is the ten millions digit of 20698617?
2
What is the units digit of 6792191?
1
What is the hundreds digit of 2537613?
6
What is the units digit of 8336466?
6
What is the hundreds digit of 27944836?
8
What is the thousands digit of 2468649?
8
What is the ten thousands digit of 175764?
7
What is the hundreds digit of 334028?
0
What is the hundreds digit of 3894168?
1
What is the hundreds digit of 720663?
6
What is the thousands digit of 756568?
6
What is the hundred thousands digit of 14760966?
7
What is the units digit of 6116159?
9
What is the units digit of 937639?
9
What is the hundreds digit of 444649?
6
What is the hundreds digit of 24764597?
5
What is the units digit of 3158697?
7
What is the tens digit of 201817?
1
What is the thousands digit of 232349?
2
What is the ten thousands digit of 65212?
6
What is the units digit of 3043506?
6
What is the hundreds digit of 1884678?
6
What is the millions digit of 2317158?
2
What is the hundred thousands digit of 235295?
2
What is the ten thousands digit of 1099516?
9
What is the hundreds digit of 24543815?
8
What is the tens digit of 202911?
1
What is the hundred thousands digit of 835800?
8
What is the ten thousands digit of 3616586?
1
What is the thousands digit of 3814692?
4
What is the hundred thousands digit of 1157501?
1
What is the units digit of 834635?
5
What is the hundred thousands digit of 10036565?
0
What is the millions digit of 2848655?
2
What is the hundred thousands digit of 5315073?
3
What is the ten thousands digit of 5419748?
1
What is the tens digit of 5016670?
7
What is the hundred thousands digit of 2074479?
0
What is the units digit of 768914?
4
What is the tens digit of 4124055?
5
What is the tens digit of 1222533?
3
What is the units digit of 20391262?
2
What is the ten thousands digit of 187637?
8
What is the hundred thousands digit of 31419193?
4
What is the thousands digit of 1133981?
3
What is the hundred thousands digit of 195488?
1
What is the hundreds digit of 4451836?
8
What is the tens digit of 2113184?
8
What is the hundred thousands digit of 2278885?
2
What is the tens digit of 11027524?
2
What is the thousands digit of 313863?
3
What is the tens digit of 9566362?
6
What is the hundred thousands digit of 3724768?
7
What is the tens digit of 314723?
2
What is the tens digit of 708042?
4
What is the hundred thousands digit of 153639?
1
What is the units digit of 1807577?
7
What is the tens digit of 1814?
1
What is the hundred thousands digit of 3939841?
9
What is the units digit of 683771?
1
What is the hundreds digit of 2178236?
2
What is the ten thousands digit of 2122580?
2
What is the thousands digit of 733960?
3
What is the thousands digit of 21554815?
4
What is the ten thousands digit of 10839054?
3
What is the units digit of 12692498?
8
What is the millions digit of 5054992?
5
What is the ten thousands digit of 210551?
1
What is the hundred thousands digit of 14976081?
9
What is the hundred thousands digit of 5233738?
2
What is the hundred thousands digit of 495839?
4
What is the hundred thousands digit of 235412?
2
What is the hundreds digit of 4078228?
2
What is the ten thousands digit of 551034?
5
What is the hundreds digit of 851049?
0
What is the ten millions digit of 11729013?
1
What is the thousands digit of 264138?
4
What is the ten thousands digit of 386782?
8
What is the units digit of 265556?
6
What is the thousands digit of 19005?
9
What is the units digit of 736632?
2
What is the tens digit of 6860542?
4
What is the thousands digit of 32705160?
5
What is the hundreds digit of 550804?
8
What is the hundreds digit of 459633?
6
What is the thousands digit of 1112767?
2
What is the ten thousands digit of 195749?
9
What is the ten millions digit of 27742505?
2
What is the tens digit of 1214805?
0
What is the te